 - u = -6*k + k. What is the units digit of k?
3
Suppose 0 = 2*f - 4*f - 54. Let w be (f/18)/(1/10). Let k = 29 + w. What is the tens digit of k?
1
Suppose 4*j - 169 = -0*f - 5*f, 5*j - 4*f = 201. Suppose 0 = -3*c - j - 7. What is the units digit of c/(-6)*(5 - 2)?
8
Let x = 6 + -6. Suppose -3*d + 5*j = 2*d - 50, x = d - 4*j - 13. What is the units digit of d?
9
Let s(m) = m**2 + 3*m - 1. Let f(h) = 2*h + 6. Let n be f(-6). Let a be s(n). Suppose -q + a = -1. What is the tens digit of q?
1
Suppose -8*g = -15*g + 434. What is the units digit of g?
2
Let t(c) = -c**3 + 6*c**2 + c - 5. Let k be t(6). Let q(j) = 9*j + 1. What is the tens digit of q(k)?
1
Suppose 5*t + 7 = 3*u, -3*u = -2*u + 1. What is the tens digit of (t + -3 - -3)*-6?
1
Suppose -2*p + 299 - 119 = 0. What is the tens digit of p?
9
Let f(x) = -x**3 - 2*x**2 + 8*x + 20. What is the tens digit of f(-6)?
1
Suppose 4*h + 9 = 7*h. Let p = -3 - h. What is the units digit of (8/p)/((-1)/6)?
8
Let i(g) = g - 9. Let p be i(7). Let b = 0 - -6. Let a = b + p. What is the units digit of a?
4
Let f = -49 - -87. Let d = -1 - -1. Suppose d*x + 2*x = 5*m - f, -3*x + 18 = 5*m. What is the units digit of m?
6
Let o(x) = -7*x - 2. Let m be o(-1). What is the tens digit of -1*m*135/(-25)?
2
What is the units digit of 3/2*(-410)/(-15)?
1
Let p be (5/3 - 1)*-3. What is the units digit of p/(-10)*(6 - 1)?
1
Let y(m) = m**3 - 3*m**2 - 14*m - 4. Let f be y(6). Let z = f + -18. What is the units digit of z?
2
Suppose -4*l = -8*l - 16, 5*x - 4*l = 201. What is the tens digit of x?
3
Let c be (-6)/(-36) - 35/(-6). Suppose c*o - 109 - 35 = 0. What is the units digit of o?
4
Let t(v) be the third derivative of -v**4/24 - v**3/6 - v**2. Let y be t(-6). Suppose 0 = -y*f + 4*p + 23, -3*f = 2*p - 2 - 25. What is the units digit of f?
7
What is the tens digit of 93 + (15/5)/1?
9
Let r(s) be the third derivative of -3*s**4/8 - s**3/3 + 2*s**2. Let o(g) = -g**2 + g - 1. Let f(u) = o(u) + r(u). What is the units digit of f(-6)?
9
Let v(c) = -2*c - 7. Let s be v(-5). Let i = 24 + s. Suppose -y + i = 2*y. What is the units digit of y?
9
Let q(x) = x**3 - 6*x**2 - 6*x + 2. Suppose 2*h + 8 = 4*w, 8 + 2 = 5*w + 3*h. Suppose 4*s = -w*d + 14, -s + 0*s - 28 = -4*d. What is the units digit of q(d)?
9
Let v = 4 + -1. Let j be ((-15)/(-6))/(v/6). Suppose -30 = -j*p - 0*p. What is the units digit of p?
6
Let k(d) = -d**3 - 3*d**2 - 6*d - 5. What is the units digit of k(-6)?
9
Suppose 4*w + 10 = 6. What is the units digit of (-4)/(-3 - (0 + w))?
2
Let z = 6 - -2. Let j(a) = a**2 - 8*a + 10. What is the tens digit of j(z)?
1
Let j(z) = -z - 2. Let w be j(-1). Let g = 5 + w. What is the units digit of (-35)/(-3) + g/(-6)?
1
Let x = 7 - 4. Suppose 0 = u + 2*z + 2*z - 33, -x*z = -4*u + 37. What is the tens digit of u?
1
What is the tens digit of (12/2 + -4)*26?
5
Let b = -18 + 33. What is the units digit of 6/4*20/b?
2
Suppose 0 = -h + 5*l - 66, 95 = 3*h - 2*l + 293. Let s = h + 92. What is the units digit of s?
6
Let u = 153 + -89. What is the units digit of u?
4
Suppose -4*l = -11 - 9. What is the units digit of l?
5
Let f(b) be the second derivative of 2*b**3/3 - 3*b**2 - 4*b. What is the units digit of f(6)?
8
Let c = -67 - -92. What is the units digit of c?
5
Let g(m) = -8*m - 2. Let p be g(-2). What is the units digit of (-20)/6*(-21)/p?
5
Suppose -5*q = 3*s - 892, s = -0*s + 4. What is the tens digit of q?
7
What is the hundreds digit of (2 + (-1)/2)/((-3)/(-522))?
2
What is the hundreds digit of ((-50)/(-8))/(-3*2/(-120))?
1
Suppose 4*t - 105 = 55. What is the tens digit of t?
4
Let q(h) be the first derivative of h**2 - h + 3. What is the units digit of q(4)?
7
Let x(p) = -p**2 - p + 1. Let w be x(2). Let z be 9*-1*(-6 - w). What is the units digit of (-1)/(0 + (-1)/z)?
9
Suppose 2*v - 62 = -0*v. What is the units digit of v?
1
Suppose 4*r = 136 + 44. What is the tens digit of r?
4
Suppose 4*i - 19 = 1, 775 = 3*c - i. What is the tens digit of c?
6
Let x = 85 + 14. What is the tens digit of x?
9
Suppose -15 = -5*t, -15 = 2*v - 4*t - 3. Suppose -2*u = -v*u - 76. What is the tens digit of u?
3
Let f = -8 + 13. Suppose -r - 2*p + 4 = -3*p, -f*p + 12 = -r. Let n = r + -6. What is the units digit of n?
2
Let t(s) = -s + 2. Let q be t(0). Let y be -5*1/(-5)*q. Suppose -y*c + 28 = 2*l + 4, c + 30 = 5*l. What is the units digit of l?
7
Let b(o) = o**3 + 2*o**2 - o + 1. Suppose 18 = -j + 2*y + 2*y, 0 = -5*j + y - 14. Let s be b(j). Suppose -12 = -s*v - v. What is the units digit of v?
3
Let u(h) = h - 3. What is the units digit of u(6)?
3
Let f(z) = z**3 - 15*z**2 + 9*z - 26. What is the units digit of f(15)?
9
Let z = 26 + -3. Let k = -10 + z. What is the tens digit of k?
1
Let c = -151 - -241. What is the tens digit of c?
9
Suppose -8 = -2*b, -l + 5*l = -4*b + 24. What is the units digit of (-132)/(-18) + l/3?
8
Let j(r) = -r**3 - 3*r**2 + 4*r + 6. What is the tens digit of j(-5)?
3
Let v = -1 - 8. Let m = v + 20. Let n = -6 + m. What is the units digit of n?
5
Let h be 146 + 1/((-2)/4). Let y be 2/(-11) + h/66. Suppose -49 + 9 = -5*z + b, -y*b = -10. What is the units digit of z?
9
Let u(o) = o**3 + o**2. Let c be u(-1). Let t = c - -11. What is the tens digit of t?
1
Let t(q) be the third derivative of -5/6*q**3 + 0 + 0*q - 1/3*q**4 - 1/60*q**5 - q**2. What is the units digit of t(-6)?
7
Let h = 36 + -15. What is the units digit of h?
1
Suppose -3*z = -5*n - 86, -2*z - n - 70 = -5*z. What is the tens digit of z?
2
Let s(b) = 2*b + 5. Let n be s(-12). Let y = 27 + n. What is the units digit of y?
8
Let m(i) = i**3 + i**2 - i + 92. What is the tens digit of m(0)?
9
Suppose -12*h = -8*h - 20. Suppose -h*n + 31 + 54 = 0. What is the units digit of n?
7
Suppose 3*c + 6*b - 12 = 3*b, -2*b = 3*c - 10. Let l(s) = 8*s + 1. What is the units digit of l(c)?
7
Suppose 0 = 3*i + 3 - 9. Let f be ((-1)/i)/((-1)/2). What is the units digit of 0 - -5 - (f + -1)?
5
Suppose -4*h - 4*a + 124 = -0*h, -2*h - 3*a + 57 = 0. Suppose 3*r = -5*l - h + 1, -2*l - 4*r - 28 = 0. What is the units digit of 74/14 + l/14?
5
Let f = 40 + -24. Suppose 10*i + f = 11*i. What is the units digit of i?
6
What is the tens digit of 67/2 - 19/38?
3
Let w = 2 + -20. Let z(q) = -2*q**2 - 3*q + 3. Let a be z(2). Let c = a - w. What is the units digit of c?
7
Let s(t) = 9*t**3 + t. Let b be s(1). Let y = 15 - b. Suppose -l = -1 - y. What is the units digit of l?
6
Let x = -7 + 31. What is the tens digit of x?
2
Let n(y) = -4*y. Let f(g) = 21*g. Let d(q) = -4*f(q) - 20*n(q). What is the units digit of d(-4)?
6
Let n(y) be the second derivative of -y**5/5 + y**3/6 + y**2/2 + 3*y. Let s be n(-1). Let d = s - 1. What is the units digit of d?
3
Suppose 3*y = -2*k + 9, y + 3 = 2*k + 6. Let p(n) = -4*n**y - 13*n + 13*n - 4 - n**2 + 3*n**3. What is the units digit of p(-3)?
4
Let y(n) = n**3 + 9*n**2 + 6*n + 2. What is the units digit of y(-6)?
4
Let q be (-4)/(-18) + (-64)/(-36). Suppose -2*p = q*p - 2*t - 22, -4*p + 3*t = -23. Let w(x) = -x**3 + 5*x**2 + x. What is the units digit of w(p)?
5
Suppose 0 = g + g + 6. Let d = -2 - g. What is the units digit of d?
1
Let q(y) = -y**3 - 5*y**2 - 7*y + 8. What is the units digit of q(-7)?
5
Suppose 6*n + 5*u - 60 = 4*n, -n + u = -23. What is the tens digit of n?
2
Let o(f) = 57*f**2 + f + 1. What is the units digit of o(-1)?
7
Let z(h) = -h**2 - h + 3. Let o be z(3). What is the tens digit of (-6)/(-2) - 180/o?
2
Suppose -g = g. Suppose 5*m = -2*p + p - 10, 5*p = g. Let t = 8 + m. What is the units digit of t?
6
Let k = 63 + -21. What is the tens digit of k?
4
Let j be ((-2)/4)/((-2)/16). Suppose -2*i + 3*i - j*v = -16, 5*i - 15 = v. Suppose 0 = 3*t - 2*l - 34, -2*t = -i*t + 4*l + 20. What is the tens digit of t?
1
Let l = 154 + 114. What is the tens digit of l?
6
Let r = 133 + -25. What is the units digit of r?
8
Let y(l) = 9*l - 36. What is the tens digit of y(12)?
7
Let m = -26 + 41. What is the units digit of m?
5
Suppose c - p = 2, 5 = p + 4. Suppose l - 64 = -c*l. What is the tens digit of l?
1
Let x(q) = -q**3 - 4*q**2 - 3*q + 2. Let r(d) = -d**3 - 5*d**2 - 3*d + 2. Let a(j) = 3*r(j) - 4*x(j). What is the tens digit of a(2)?
1
Let k(v) = -v**2 + 5*v - 1. Let g be k(4). Suppose g*z + 9 + 10 = -h, -32 = 5*z + 2*h. Let f = 8 + z. Wh